and m?
6
Let l = 236 - 232. Suppose 52 = 5*z - l*a + 5*a, 0 = z - 5*a. Calculate the highest common factor of 30 and z.
10
Let d(y) = -y**2 - 17*y + 123. Let i be d(5). Suppose -47*t = -46*t - i. Let m be 1172/9 + (-4)/18. Calculate the highest common factor of t and m.
13
Let h(g) = 3*g + 23. Let d be h(-5). Let f be d/(-6)*(-4 + 25/10). Let o be 14/f*216/42. What is the greatest common divisor of o and 9?
9
Let k(r) = -155*r - 2630. Let j be k(-18). Suppose 3*a = -5*w + 594, w - 4*a - 58 = 70. What is the greatest common divisor of j and w?
40
Suppose -2562*f + 135 = -2557*f. What is the highest common divisor of 2241 and f?
27
Suppose 190*t = 160*t + 7715 - 305. Calculate the highest common divisor of 104 and t.
13
Let k = -28626 - -28996. What is the greatest common factor of 7104 and k?
74
Let w be 19/5 - (-6)/30. Let f be -1 + 318 - (93 - 108). Calculate the greatest common factor of f and w.
4
Suppose -4*r = 4*y - 88, 401*y = 405*y - 3*r - 74. Suppose 0*h + h - 8 = 0. Let k = 38 - h. What is the greatest common factor of k and y?
10
Let x(u) = 113*u**2 - 13*u + 114. Let n be x(-10). Calculate the greatest common divisor of n and 48.
24
Suppose 16284 = 3*q + 3*f, 27*f + 10866 = 2*q + 24*f. What is the greatest common factor of 30 and q?
30
Let s(o) = o**2 - 5*o - 5. Let u be s(6). Let l = 77 - 81. Let j be (l/10)/(1/(-5)). What is the highest common divisor of u and j?
1
Suppose -15 - 85 = -2*q. Let d(i) = -14*i - 18. Let t be d(12). Let p be t/(-15) + -3 - 3/(-5). Calculate the greatest common factor of p and q.
10
Suppose -3*m = y + 18 - 49, 0 = -4*m - 4. What is the highest common divisor of 7089 and y?
17
Let p(j) = 8*j**3 - 4*j**2 + 3*j - 1. Let k be p(3). Let t = 66 - k. Let y = -70 - t. What is the highest common divisor of 312 and y?
52
Suppose -5*y + c = -904, -508*c = 5*y - 504*c - 884. Calculate the greatest common factor of 7500 and y.
60
Let y be (-986 + 2)/6*52/(-8). Calculate the highest common factor of 328 and y.
82
Let k(d) = -16*d + 205. Let r be k(-20). Calculate the greatest common divisor of 675 and r.
75
Suppose 2 + 38 = -4*b. Let n be ((-104)/(-2))/((b - -21) + -9). What is the greatest common divisor of 221 and n?
13
Let m(k) = k**2 - 18*k + 34. Let g be m(16). Let x = g + 78. Suppose -5*h = -3*b + 254, -3*h - x = -b + h. Calculate the highest common factor of b and 22.
22
Suppose 2*o + 3*r - 19 = -0*r, -15 = -5*r. Let u be (-363)/(-6) + o/(-10). Suppose 3*b - 36 = -0*b. Calculate the greatest common factor of u and b.
12
Let x(q) = q**2 + q - 2. Let k be x(10). Let s = 1023 - 1011. Calculate the highest common factor of k and s.
12
Let m(q) = 5*q + 63. Let y(v) = -2*v - 1. Let a(l) = m(l) + 3*y(l). Let c be a(9). Suppose -54*j + c*j = -180. What is the greatest common factor of j and 24?
12
Let d(a) = 5*a**2 - 20*a - 2. Let f be d(4). Let t be -26*(6/(-4) + 2/f). Calculate the highest common factor of t and 26.
13
Let o(a) = -2*a**3 + 29*a**2 + 17*a - 26. Let s be o(15). Let k be -2*((-174)/s + 5). What is the highest common divisor of 14 and k?
7
Let t(n) = -4*n**2 - 51*n - 11. Suppose -13*r = c - 16*r + 1, -3*r - 9 = 0. Let x be t(c). What is the highest common divisor of x and 66?
33
Let n be (-2)/(-8) - 14/(-8). Let h be 7/(-98)*-7*0. Suppose h = -4*j + 4, a = 5*j - 4. Calculate the greatest common factor of a and n.
1
Suppose -2*i + 50 = -2*j, 8 + 2 = 5*j. Let l = i + -15. Let c be (96/(-84) - -1) + 170/14. What is the greatest common factor of c and l?
12
Suppose 3*d - 4*d + 851 = 3*k, 5*k - 1405 = d. What is the highest common factor of 188 and k?
94
Suppose 137 = -96*i + 425. What is the highest common divisor of 353 and i?
1
Suppose 12*y - 11*y = 3. Let n(v) = 0 - 11 + 16 - y - 2*v. Let d be n(-6). What is the greatest common factor of 21 and d?
7
Suppose 11 = 7*r - 10. Let d be (-14)/(r + 20/(-7 - -2)). Let g = -86 + 128. What is the highest common divisor of g and d?
14
Suppose 508*c = -513*c + 1037*c - 384. What is the greatest common factor of 15420 and c?
12
Let l(x) = 2*x**3 + 2*x**2 - 5*x. Let v be l(7). Suppose g = -5*q + 29, 15*q - 17*q - 2*g = -2. What is the greatest common divisor of v and q?
7
Let i be (3/2)/(15/20). Suppose -3*k - 3*q = -90, -i*k - 3*q - 3 = -64. What is the greatest common divisor of k and 348?
29
Let a be (-66)/24 + 2483/52. Let d be 6/(2 + -2 + 2). Suppose -d*x = 11 - 65. What is the highest common factor of a and x?
9
Let w(m) = 169*m + 3647. Let b be w(-18). Calculate the highest common factor of b and 135.
5
Suppose -4272 + 26061 = 29*h - 22059. What is the highest common factor of h and 372?
12
Let a(u) = 79*u + 16893. Let w be a(-50). Calculate the highest common divisor of 7 and w.
7
Let m(v) = -3*v**3 - 167*v**2 + 314*v - 47. Let p be m(-58). What is the highest common factor of p and 645?
129
Let g be 49*2 - (1 + 1). Let h(v) = v**2 + 23*v + 114. Let a be 1/((-1)/(-3))*578/(-102). Let p be h(a). Calculate the highest common divisor of p and g.
12
Let r = -78 - -76. Let j be (-2 + 1655/(-20))*(13 - 1). Let w be j/36*-4 - (-1 - r). Calculate the greatest common factor of 14 and w.
14
Let s = 6555 - 4985. Calculate the highest common divisor of s and 20.
10
Let y = 13008 + -12863. Calculate the greatest common factor of 15805 and y.
145
Let q = 70 + -37. Suppose -3*f - 2*s = -12 + 54, 0 = -3*f - 5*s - q. Let r be (28/f)/(4/(-224)). What is the highest common divisor of 14 and r?
14
Let k be 6/((4/16)/(6/48)). Suppose 0 = -k*c - 3*d + 2772, -4*d - d + 3697 = 4*c. Calculate the highest common factor of 71 and c.
71
Let u be (4 - (-121)/2)*16/12. Let f = u - 83. Let v = -5 + 8. Calculate the highest common divisor of f and v.
3
Let q(w) = w**3 + 33*w - 66. Let y be q(2). Let v be (-380)/(-6) + 4/6. What is the highest common factor of v and y?
8
Let w = -15160 - -16063. Calculate the greatest common factor of w and 28.
7
Suppose -r - 6 = -0, 33 = 3*x - r. Calculate the highest common factor of x and 747.
9
Let l = 32412 + -21859. What is the greatest common divisor of l and 61?
61
Suppose 0 = y - 1, 2*y = 3*i - 580 - 426. Let f be i - (3*(-5)/(-15) + -3). Calculate the highest common divisor of f and 26.
26
Let a be (-12)/(-8) + 9/6. Suppose a*o = -1 + 181. Let k be (-29 + 38)*(-20)/(-18)*15. What is the highest common divisor of o and k?
30
Suppose -3*x - 50 = -5*p, 2*p + 1 = 4*x + 35. Suppose p*v - 365 - 237 = 0. Let f = v + 22. Calculate the greatest common factor of f and 27.
27
Suppose -2*t - 4 = 5*m - 23, -3*m = 4*t - 73. Suppose -5*f + f + 704 = 0. Suppose 418 = 3*k - f. What is the greatest common factor of k and t?
22
Suppose 3*u - 3*p - 241 = -2*p, 4*u = -3*p + 317. Suppose -544 = -3*g - k, 4*k + 551 + 153 = 4*g. Calculate the highest common factor of g and u.
20
Let r = -181 + 384. Let v = r - 197. What is the highest common factor of 2 and v?
2
Let i(g) = -36*g - 21. Let b be i(2). Let v be (1 - (-1)/(-3)) + (-2170)/b. What is the highest common divisor of 48 and v?
24
Let s(v) = -v + 32. Let d be (-4)/(-14) - 2460/84. Let w be s(d). What is the greatest common divisor of w and 244?
61
Let d(v) = 3*v + 2. Let s be d(11). Suppose -40*g + 375 = -s*g. Calculate the highest common factor of g and 30.
15
Let t = -117 - -135. Let j be ((-4)/(-3))/(t/108). Calculate the greatest common factor of 72 and j.
8
Let m be (-7 + 0)*(-780)/273. Let q(c) = 70*c**2 - c + 1. Let t be q(1). Calculate the greatest common factor of t and m.
10
Let d(g) be the first derivative of 0*g - 3/2*g**2 + 0*g**3 + 1/4*g**4 + 14. Let b be d(3). Calculate the highest common divisor of b and 180.
18
Let p = -4731 - -7222. What is the greatest common divisor of p and 141?
47
Suppose -2*m + 21 = -m. Let c be (-1)/(4/(-3 - m)). Let z be 64 + (-6)/(-3) - 0. What is the greatest common divisor of z and c?
6
Let u(v) = -90*v**2 - 120*v + 65. Let k(x) = 11*x**2 + 15*x - 8. Let q(t) = 25*k(t) + 3*u(t). Let h be q(-7). What is the greatest common divisor of 54 and h?
27
Let i be (-204)/(-85)*90/12. Calculate the highest common factor of 162 and i.
18
Let i = 10827 - 10803. Calculate the highest common divisor of 1256 and i.
8
Suppose 0 = 12*a - 18*a - 48. Let s(n) = 4*n**2 + 29*n - 17. Let k be s(a). Calculate the highest common divisor of k and 2.
1
Let b(n) = 4*n**3 - 144*n**2 + 8*n - 120. L